6
In base 4, what is 3223032 - 10?
3223022
In base 12, what is -62a7 + -6?
-62b1
In base 7, what is -124 + -203006?
-203133
In base 6, what is -3 - 42523?
-42530
In base 14, what is -a7db4 - -2?
-a7db2
In base 3, what is 220 + -12210022221?
-12210022001
In base 9, what is 2671022 - 3?
2671018
In base 9, what is -3 - 761?
-764
In base 14, what is -11 - -119?
108
In base 2, what is -10000101101010111 + -11?
-10000101101011010
In base 7, what is -2445 + -104?
-2552
In base 9, what is 1488221 - 2?
1488218
In base 8, what is 4 - 342036?
-342032
In base 3, what is -12 + 102111202211?
102111202122
In base 13, what is 872175 - 3?
872172
In base 5, what is 142041122 + -3?
142041114
In base 2, what is -100010100111111001110100 + -10?
-100010100111111001110110
In base 10, what is 191 + -292?
-101
In base 15, what is 9a - 854?
-7a9
In base 14, what is 3 - 74b8?
-74b5
In base 7, what is -13 + 530?
514
In base 7, what is 45 - -356146?
356224
In base 9, what is 82520 - -3?
82523
In base 11, what is -4229 + 2?
-4227
In base 13, what is 175ca - b?
175bc
In base 6, what is -24 - -11454?
11430
In base 14, what is -1 + 39d2c?
39d2b
In base 15, what is -10d + 24?
-d9
In base 11, what is -467 - -26?
-441
In base 2, what is 1100011000 + 11111110100?
101100001100
In base 12, what is -25b96 + 11?
-25b85
In base 10, what is 3674 + 177?
3851
In base 7, what is 56 + 131101?
131160
In base 8, what is 4207 + 223?
4432
In base 11, what is 14135 + 2?
14137
In base 13, what is 7 + 204a7?
204b1
In base 12, what is 43 - -3a43?
3a86
In base 11, what is 224a3 - -2?
224a5
In base 15, what is -4100 + -5?
-4105
In base 7, what is 100530 + -4?
100523
In base 8, what is 5164463 - -4?
5164467
In base 7, what is 403635 - 6?
403626
In base 10, what is -5 + -4064?
-4069
In base 14, what is 0 + -1bddc?
-1bddc
In base 13, what is -40980 + -14?
-40994
In base 13, what is -3 + -17b7?
-17ba
In base 5, what is 12 + 3400211?
3400223
In base 8, what is 5 + 11555?
11562
In base 4, what is -33322310 - -12?
-33322232
In base 14, what is -182b - -1c?
-180d
In base 7, what is -44265 - 146?
-44444
In base 16, what is -4 - -cdb3f?
cdb3b
In base 13, what is -38 - -c?
-29
In base 7, what is -120 - -22144?
22024
In base 16, what is -5f + -8297?
-82f6
In base 8, what is 20 + 35366?
35406
In base 11, what is 19 - 71a?
-701
In base 5, what is 23 - 1041423?
-1041400
In base 6, what is 44401 - -5?
44410
In base 5, what is 11404141 + -10?
11404131
In base 16, what is 25fd - 4?
25f9
In base 2, what is 1010 + 1000001001011?
1000001010101
In base 5, what is 2113310 + 2?
2113312
In base 2, what is 0 + 1011011100101110?
1011011100101110
In base 2, what is -10100100011000010100 - -11?
-10100100011000010001
In base 16, what is 58f9 + a?
5903
In base 9, what is 207 - -6056?
6264
In base 15, what is 783c9 - -4?
783cd
In base 15, what is 1 + 11913d?
11913e
In base 7, what is -2131625 - -20?
-2131605
In base 13, what is -789 - 43?
-7cc
In base 12, what is 44 - 1461?
-1419
In base 9, what is -207 + -522?
-730
In base 2, what is -11001101111 + -110?
-11001110101
In base 5, what is -24 - 4041120?
-4041144
In base 8, what is -57 - -12710?
12631
In base 16, what is c - bad?
-ba1
In base 9, what is 47 + 4066?
4124
In base 8, what is -32364 - 46?
-32432
In base 4, what is 1020202 - -2?
1020210
In base 10, what is 68124 - 4?
68120
In base 6, what is 103 + 21125?
21232
In base 4, what is 0 - -3022301?
3022301
In base 10, what is 332629 - 5?
332624
In base 11, what is 1817 + -10?
1807
In base 14, what is -3d6 - -32?
-3a4
In base 10, what is 8 + -705761?
-705753
In base 13, what is 1808a + -2?
18088
In base 4, what is -33 + 1110101?
1110002
In base 3, what is 12112221202 - 0?
12112221202
In base 9, what is -6 + -1342867?
-1342874
In base 4, what is -112021 + -23?
-112110
In base 6, what is -454101 - 0?
-454101
In base 5, what is -3230444 - -12?
-3230432
In base 10, what is -2827 + -265?
-3092
In base 9, what is -3862342 + -4?
-3862346
In base 4, what is -13120100 + 100?
-13120000
In base 14, what is -9 + 48634?
48629
In base 11, what is 3203 + 1?
3204
In base 10, what is -1083778 + -4?
-1083782
In base 6, what is 413230 - 2?
413224
In base 7, what is 1432 - -103?
1535
In base 3, what is -20200200 + 11?
-20200112
In base 4, what is -12032222 + 11?
-12032211
In base 5, what is -211 + -14320?
-20031
In base 12, what is -6 - 6ab?
-6b5
In base 5, what is -1331 - 314?
-2200
In base 13, what is 3b5b + -7?
3b54
In base 11, what is 63807 + 5?
63811
In base 11, what is 63 + -47106?
-47053
In base 15, what is -4dd7 + -59?
-4e41
In base 14, what is -45483 - -4?
-4547d
In base 14, what is 5b21 - -37?
5b58
In base 3, what is 21000 - 101222?
-10222
In base 10, what is -95390 + -5?
-95395
In base 3, what is -21121 + 11?
-21110
In base 9, what is -25507 - -42?
-25455
In base 11, what is -4784 - -2?
-4782
In base 7, what is 4 + -104235?
-104231
In base 9, what is -50686 - 3?
-50700
In base 2, what is 11010010100110 + 10000?
11010010110110
In base 8, what is 625 + -410?
215
In base 2, what is 11100010101 + 10000?
11100100101
In base 3, what is -100020121022112 - 1?
-100020121022120
In base 15, what is dc8 - 2?
dc6
In base 7, what is -3 - 114401?
-114404
In base 12, what is -84952 - -2?
-84950
In base 11, what is -2692 - -16?
-2677
In base 12, what is -77 - -2963?
28a8
In base 10, what is -2 + -367030?
-367032
In base 10, what is 1347273 - 2?
1347271
In base 4, what is -2 - 3333202020?
-3333202022
In base 4, what is -2 + 31010210?
31010202
In base 12, what is -75 + 49?
-28
In base 13, what is 191b6 - -2?
191b8
In base 13, what is -1c107a - -2?
-1c1078
In base 5, what is 3410343 - 4?
3410334
In base 14, what is -81c7 - 4?
-81cb
In base 14, what is -1d - cbbd?
-cbdc
In base 11, what is -6584791 - 4?
-6584795
In base 13, what is 8495c + -5?
84957
In base 16, what is 8de - 29b?
643
In base 5, what is -131332 + 143?
-131134
In base 14, what is -13b + dda?
c9d
In base 13, what is 2 - -62731?
62733
In base 9, what is -3 + 443105?
443102
In base 12, what is -2aba3 + 3?
-2aba0
In base 12, what is 1865 - 35?
1830
In base 14, what is -4 + 2892?
288c
In base 3, what is -11210 + 11200112?
11111202
In base 5, what is -11 + 213113?
213102
In base 11, what is 17 - -2a94?
3000
In base 13, what is -346096 + 3?
-346093
In base 8, what is -1225 - -7?
-1216
In base 9, what is 6231 - -7?
6238
In base 9, what is 51 + 1265?
1326
In base 10, what is -567 + 44?
-523
In base 6, what is 4 + -152055?
-152051
In base 8, what is -21 + -5336?
-5357
In base 11, what is 1 - -3937?
3938
In base 15, what is -312 + -93?
-3a5
In base 13, what is 20639 - 5?
20634
In base 6, what is -3 - 11311044?
-11311051
In base 9, what is 4822100 + 0?
4822100
In base 15, what is 27 + 616?
63d
In base 13, what is -b2146 - 3?
-b2149
In base 5, what is 1 + -142314?
-142313
In base 15, what is -3 - -65b9?
65b6
In base 10, what is -17881 - 11?
-17892
In base 6, what is -111 + -320?
-431
In base 8, what is 331 + -221?
110
In base 4, what is -3 - -1233222101?
1233222032
In base 3, what is 120112 + -11001212?
-10111100
In base 13, what is 1 + -137b?
-137a
In base 2, what is 11110101 - -110111100?
1010110001
In base 5, what is -10 - 12004334?
-12004344
In base 5, what is -4 + 1034203?
1034144
In base 14, what is -12 - 9c0?
-9d2
In base 16, what is -7b3d + 5?
-7b38
In base 6, what is -4534 - 133?
-5111
In base 14, what is 0 - -16b86?
16b86
In base 12, what is 3 + -77a5?
-77a2
In base 10, what is 0 - -14068?
14068
In base 10, what is -32 - -22643?
22611
In base 3, what is -1010101120 + 11?
-1010101102
In base 3, what is 10002212100 - 10?
10002212020
In base 10, what is -2 + -23114?
-23116
In base 6, what is -2105 + 10?
-2055
In base 14, what is 1 - 9a14?
-9a13
In base 10, what is -118 - 13528?
-13646
In base 14, what is -621 + -a1?
-6c2
In base 7, what is 252546 + -4?
252542
In base 8, what is -4 + -63640?
-63644
In base 9, what is -47245 + 122?
-47123
In base 2, what is -101110010111 + -110110101?
-110101001100
In base 8, what is -117 - -51446?
51327
In base 10, what is 5 + 178373?
178378
In base 7, what is 5 + -10606561?
-10606553
In base 8, what is -503 + 602?
77
In base 6, what is -35431 - -341?
-35050
In base 9, what is 1438 - 3166?
-1627
In base 9, what is -1576 + 136?
-1440
In base 14, what is 1 - 8119?
